{"id":902,"date":"2022-01-27T15:45:05","date_gmt":"2022-01-27T15:45:05","guid":{"rendered":"https:\/\/fundacjaczassztuki.com\/?page_id=902"},"modified":"2022-01-27T16:58:11","modified_gmt":"2022-01-27T16:58:11","slug":"prawykonania-zamowien-kompozytorskich","status":"publish","type":"page","link":"https:\/\/fundacjaczassztuki.com\/?page_id=902","title":{"rendered":"Prawykonania zam\u00f3wie\u0144 kompozytorskich"},"content":{"rendered":"\t\t<div data-elementor-type=\"wp-page\" data-elementor-id=\"902\" class=\"elementor elementor-902\" data-elementor-settings=\"[]\">\n\t\t\t\t\t\t\t<div class=\"elementor-section-wrap\">\n\t\t\t\t\t\t\t<section class=\"elementor-section elementor-top-section elementor-element elementor-element-6f7e8286 elementor-section-boxed elementor-section-height-default elementor-section-height-default parallax_section_no qode_elementor_container_no\" data-id=\"6f7e8286\" data-element_type=\"section\">\n\t\t\t\t\t\t<div class=\"elementor-container elementor-column-gap-default\">\n\t\t\t\t\t<div class=\"elementor-column elementor-col-100 elementor-top-column elementor-element elementor-element-2b69cc90\" data-id=\"2b69cc90\" data-element_type=\"column\">\n\t\t\t<div class=\"elementor-widget-wrap elementor-element-populated\">\n\t\t\t\t\t\t\t\t<div class=\"elementor-element elementor-element-72bc719 elementor-widget elementor-widget-text-editor\" data-id=\"72bc719\" data-element_type=\"widget\" data-widget_type=\"text-editor.default\">\n\t\t\t\t<div class=\"elementor-widget-container\">\n\t\t\t<style>\/*! elementor - v3.5.4 - 23-01-2022 *\/\n.elementor-widget-text-editor.elementor-drop-cap-view-stacked .elementor-drop-cap{background-color:#818a91;color:#fff}.elementor-widget-text-editor.elementor-drop-cap-view-framed .elementor-drop-cap{color:#818a91;border:3px solid;background-color:transparent}.elementor-widget-text-editor:not(.elementor-drop-cap-view-default) .elementor-drop-cap{margin-top:8px}.elementor-widget-text-editor:not(.elementor-drop-cap-view-default) .elementor-drop-cap-letter{width:1em;height:1em}.elementor-widget-text-editor .elementor-drop-cap{float:left;text-align:center;line-height:1;font-size:50px}.elementor-widget-text-editor .elementor-drop-cap-letter{display:inline-block}<\/style>\t\t\t\t<p>Jednym z cel\u00f3w dzia\u0142ania Fundacji jest wspieranie rozwoju polskich kompozytor\u00f3w i kompozytorek. Co roku ubiegamy si\u0119 o \u015brodki na zam\u00f3wienia kompozytorskie &#8211; powstanie nowych kompozycji oraz ich prawykonania. Uda\u0142o nam si\u0119 zrealizowa\u0107 nast\u0119puj\u0105ce zam\u00f3wienia i prawykonania:<\/p><p>\u00a0<\/p><p style=\"padding-left: 40px;\">&#8211; W. Ratusi\u0144ska-Zamuszko &#8211; <em>Agnus dei<\/em> na kwartet smyczkowy i g\u0142os bia\u0142y, 2018 r.<\/p><p style=\"padding-left: 40px;\">&#8211; B. Kowalski &#8211; <em>Mini Magnificat<\/em> na akordeon i kwartet smyczkowy, 2020 r.<\/p><p style=\"padding-left: 40px;\">&#8211; M. Bembinow &#8211; <em>Dzieciaki #2022. Niesamowita Solaris i \u0141ukasiewicz<\/em>\u00a0miniopera\u00a0na sopran i kwartet smyczkowy do tekstu Ma\u0142gorzaty Sikorskiej-Miszczuk, 2020 r.<\/p><p style=\"padding-left: 40px;\">&#8211; B. Kowalski &#8211; <em>Dialogi polskie<\/em> na dwoje skrzypiec, 2021 r.<\/p><p style=\"padding-left: 40px;\">&#8211; D. Pajdzik &#8211; <em>Ksi\u0119ga Tobiasza<\/em> na kwartet smyczkowy, 2021 r.<\/p>\t\t\t\t\t\t<\/div>\n\t\t\t\t<\/div>\n\t\t\t\t\t<\/div>\n\t\t<\/div>\n\t\t\t\t\t\t\t<\/div>\n\t\t<\/section>\n\t\t\t\t<section class=\"elementor-section elementor-top-section elementor-element elementor-element-0e9c23d elementor-section-boxed elementor-section-height-default elementor-section-height-default parallax_section_no qode_elementor_container_no\" data-id=\"0e9c23d\" data-element_type=\"section\">\n\t\t\t\t\t\t<div class=\"elementor-container elementor-column-gap-default\">\n\t\t\t\t\t<div class=\"elementor-column elementor-col-100 elementor-top-column elementor-element elementor-element-e1b80ec\" data-id=\"e1b80ec\" data-element_type=\"column\">\n\t\t\t<div class=\"elementor-widget-wrap elementor-element-populated\">\n\t\t\t\t\t\t\t\t<div class=\"elementor-element elementor-element-50b268c elementor-widget elementor-widget-spacer\" data-id=\"50b268c\" data-element_type=\"widget\" data-widget_type=\"spacer.default\">\n\t\t\t\t<div class=\"elementor-widget-container\">\n\t\t\t\t\t<div class=\"elementor-spacer\">\n\t\t\t<div class=\"elementor-spacer-inner\"><\/div>\n\t\t<\/div>\n\t\t\t\t<\/div>\n\t\t\t\t<\/div>\n\t\t\t\t\t<\/div>\n\t\t<\/div>\n\t\t\t\t\t\t\t<\/div>\n\t\t<\/section>\n\t\t\t\t<section class=\"elementor-section elementor-top-section elementor-element elementor-element-30282424 elementor-section-boxed elementor-section-height-default elementor-section-height-default parallax_section_no qode_elementor_container_no\" data-id=\"30282424\" data-element_type=\"section\">\n\t\t\t\t\t\t<div class=\"elementor-container elementor-column-gap-default\">\n\t\t\t\t\t<div class=\"elementor-column elementor-col-100 elementor-top-column elementor-element elementor-element-678222fe\" data-id=\"678222fe\" data-element_type=\"column\">\n\t\t\t<div class=\"elementor-widget-wrap elementor-element-populated\">\n\t\t\t\t\t\t\t\t<div class=\"elementor-element elementor-element-98a085a elementor-widget elementor-widget-qi_addons_for_elementor_clients_slider\" data-id=\"98a085a\" data-element_type=\"widget\" data-widget_type=\"qi_addons_for_elementor_clients_slider.default\">\n\t\t\t\t<div class=\"elementor-widget-container\">\n\t\t\t<div class=\"qodef-shortcode qodef-m  qodef-qi-clients-slider     qodef-qi-grid qodef-qi-swiper-container  qodef-navigation--outside  qodef-pagination--inside    qodef-navigation--hover-move\" data-options=\"{&quot;direction&quot;:&quot;horizontal&quot;,&quot;slidesPerView&quot;:&quot;4&quot;,&quot;spaceBetween&quot;:30,&quot;spaceBetweenTablet&quot;:30,&quot;spaceBetweenMobile&quot;:30,&quot;effect&quot;:&quot;&quot;,&quot;loop&quot;:true,&quot;autoplay&quot;:true,&quot;centeredSlides&quot;:false,&quot;speed&quot;:&quot;&quot;,&quot;speedAnimation&quot;:&quot;&quot;,&quot;outsideNavigation&quot;:&quot;yes&quot;,&quot;outsidePagination&quot;:&quot;no&quot;,&quot;unique&quot;:&quot;1&quot;,&quot;partialValue&quot;:0.2,&quot;disablePartialValue&quot;:&quot;&quot;}\">\n\t<div class=\"swiper-wrapper\">\n\t\t<div class=\"qodef-e swiper-slide\">\n\t<div class=\"qodef-e-inner\">\n\t\t\t\t\t<a href=\"https:\/\/www.ratusinska.eu\/\" target=\"_self\">\n\t\t\t\t<div class=\"qodef-e-images-holder\">\n\t\t\t\t\t\t\t<div class=\"qodef-e-main-image\">\n\t\t\t\t\t<img loading=\"lazy\" decoding=\"async\" width=\"500\" height=\"500\" src=\"https:\/\/fundacjaczassztuki.com\/wp-content\/uploads\/2022\/01\/wrz.jpg\" class=\"attachment-full size-full\" alt=\"Weronika Ratusi\u0144ska-Zamuszko\" srcset=\"https:\/\/fundacjaczassztuki.com\/wp-content\/uploads\/2022\/01\/wrz.jpg 500w, https:\/\/fundacjaczassztuki.com\/wp-content\/uploads\/2022\/01\/wrz-300x300.jpg 300w, https:\/\/fundacjaczassztuki.com\/wp-content\/uploads\/2022\/01\/wrz-150x150.jpg 150w\" sizes=\"auto, (max-width: 500px) 100vw, 500px\" \/>\t\t\t\t<\/div>\n\t\t\t\t\t\t\t\t<\/div>\n\t\t\t\t\t<\/a>\n\t\t\t\t\t<h5 class=\"qodef-e-title\">\n\t\t\t\t\t<a href=\"https:\/\/www.ratusinska.eu\/\" target=\"_self\">\n\t\t\t\t\tWeronika Ratusi\u0144ska-Zamuszko\t\t\t\t\t<\/a>\n\t\t\t<\/h5>\n\t\t\t<\/div>\n<\/div>\n<div class=\"qodef-e swiper-slide\">\n\t<div class=\"qodef-e-inner\">\n\t\t\t\t\t<a href=\"http:\/\/www.bembinow.com\/\" target=\"_self\">\n\t\t\t\t<div class=\"qodef-e-images-holder\">\n\t\t\t\t\t\t\t<div class=\"qodef-e-main-image\">\n\t\t\t\t\t<img loading=\"lazy\" decoding=\"async\" width=\"500\" height=\"499\" src=\"https:\/\/fundacjaczassztuki.com\/wp-content\/uploads\/2022\/01\/bembinow.jpg\" class=\"attachment-full size-full\" alt=\"Mi\u0142osz Bembinow\" srcset=\"https:\/\/fundacjaczassztuki.com\/wp-content\/uploads\/2022\/01\/bembinow.jpg 500w, https:\/\/fundacjaczassztuki.com\/wp-content\/uploads\/2022\/01\/bembinow-300x300.jpg 300w, https:\/\/fundacjaczassztuki.com\/wp-content\/uploads\/2022\/01\/bembinow-150x150.jpg 150w\" sizes=\"auto, (max-width: 500px) 100vw, 500px\" \/>\t\t\t\t<\/div>\n\t\t\t\t\t\t\t\t<\/div>\n\t\t\t\t\t<\/a>\n\t\t\t\t\t<h5 class=\"qodef-e-title\">\n\t\t\t\t\t<a href=\"http:\/\/www.bembinow.com\/\" target=\"_self\">\n\t\t\t\t\tMi\u0142osz Bembinow\t\t\t\t\t<\/a>\n\t\t\t<\/h5>\n\t\t\t<\/div>\n<\/div>\n<div class=\"qodef-e swiper-slide\">\n\t<div class=\"qodef-e-inner\">\n\t\t\t\t\t<a href=\"https:\/\/www.bartoszkowalski.com\/\" target=\"_self\">\n\t\t\t\t<div class=\"qodef-e-images-holder\">\n\t\t\t\t\t\t\t<div class=\"qodef-e-main-image\">\n\t\t\t\t\t<img loading=\"lazy\" decoding=\"async\" width=\"500\" height=\"500\" src=\"https:\/\/fundacjaczassztuki.com\/wp-content\/uploads\/2022\/01\/kowalski.jpg\" class=\"attachment-full size-full\" alt=\"Bartosz Kowalski\" srcset=\"https:\/\/fundacjaczassztuki.com\/wp-content\/uploads\/2022\/01\/kowalski.jpg 500w, https:\/\/fundacjaczassztuki.com\/wp-content\/uploads\/2022\/01\/kowalski-300x300.jpg 300w, https:\/\/fundacjaczassztuki.com\/wp-content\/uploads\/2022\/01\/kowalski-150x150.jpg 150w\" sizes=\"auto, (max-width: 500px) 100vw, 500px\" \/>\t\t\t\t<\/div>\n\t\t\t\t\t\t\t\t<\/div>\n\t\t\t\t\t<\/a>\n\t\t\t\t\t<h5 class=\"qodef-e-title\">\n\t\t\t\t\t<a href=\"https:\/\/www.bartoszkowalski.com\/\" target=\"_self\">\n\t\t\t\t\tBartosz Kowalski\t\t\t\t\t<\/a>\n\t\t\t<\/h5>\n\t\t\t<\/div>\n<\/div>\n<div class=\"qodef-e swiper-slide\">\n\t<div class=\"qodef-e-inner\">\n\t\t\t\t\t<a href=\"https:\/\/www.akademiasztuki.eu\/Product\/dawid-pajdzikdr\" target=\"_self\">\n\t\t\t\t<div class=\"qodef-e-images-holder\">\n\t\t\t\t\t\t\t<div class=\"qodef-e-main-image\">\n\t\t\t\t\t<img loading=\"lazy\" decoding=\"async\" width=\"500\" height=\"500\" src=\"https:\/\/fundacjaczassztuki.com\/wp-content\/uploads\/2022\/01\/pajdzik.jpg\" class=\"attachment-full size-full\" alt=\"Dawid Pajdzik\" srcset=\"https:\/\/fundacjaczassztuki.com\/wp-content\/uploads\/2022\/01\/pajdzik.jpg 500w, https:\/\/fundacjaczassztuki.com\/wp-content\/uploads\/2022\/01\/pajdzik-300x300.jpg 300w, https:\/\/fundacjaczassztuki.com\/wp-content\/uploads\/2022\/01\/pajdzik-150x150.jpg 150w\" sizes=\"auto, (max-width: 500px) 100vw, 500px\" \/>\t\t\t\t<\/div>\n\t\t\t\t\t\t\t\t<\/div>\n\t\t\t\t\t<\/a>\n\t\t\t\t\t<h5 class=\"qodef-e-title\">\n\t\t\t\t\t<a href=\"https:\/\/www.akademiasztuki.eu\/Product\/dawid-pajdzikdr\" target=\"_self\">\n\t\t\t\t\tDawid Pajdzik\t\t\t\t\t<\/a>\n\t\t\t<\/h5>\n\t\t\t<\/div>\n<\/div>\n\t<\/div>\n\t\t<div class=\"swiper-pagination\"><\/div>\n<\/div>\n\t\t<div class=\"swiper-button-prev swiper-button-outside swiper-button-prev-1\"><svg  xmlns=\"http:\/\/www.w3.org\/2000\/svg\" xmlns:xlink=\"http:\/\/www.w3.org\/1999\/xlink\" x=\"0px\" y=\"0px\" viewBox=\"0 0 34.2 32.3\" xml:space=\"preserve\" style=\"stroke-width: 2;\"><line x1=\"0.5\" y1=\"16\" x2=\"33.5\" y2=\"16\"\/><line x1=\"0.3\" y1=\"16.5\" x2=\"16.2\" y2=\"0.7\"\/><line x1=\"0\" y1=\"15.4\" x2=\"16.2\" y2=\"31.6\"\/><\/svg><\/div>\n\t<div class=\"swiper-button-next swiper-button-outside swiper-button-next-1\"><svg  xmlns=\"http:\/\/www.w3.org\/2000\/svg\" xmlns:xlink=\"http:\/\/www.w3.org\/1999\/xlink\" x=\"0px\" y=\"0px\" viewBox=\"0 0 34.2 32.3\" xml:space=\"preserve\" style=\"stroke-width: 2;\"><line x1=\"0\" y1=\"16\" x2=\"33\" y2=\"16\"\/><line x1=\"17.3\" y1=\"0.7\" x2=\"33.2\" y2=\"16.5\"\/><line x1=\"17.3\" y1=\"31.6\" x2=\"33.5\" y2=\"15.4\"\/><\/svg><\/div>\n\t\t\t<\/div>\n\t\t\t\t<\/div>\n\t\t\t\t\t<\/div>\n\t\t<\/div>\n\t\t\t\t\t\t\t<\/div>\n\t\t<\/section>\n\t\t\t\t\t\t<\/div>\n\t\t\t\t\t<\/div>\n\t\t","protected":false},"excerpt":{"rendered":"<p>Jednym z cel\u00f3w dzia\u0142ania Fundacji jest wspieranie rozwoju polskich kompozytor\u00f3w i kompozytorek. Co roku ubiegamy si\u0119 o \u015brodki na zam\u00f3wienia kompozytorskie &#8211; powstanie nowych kompozycji oraz ich prawykonania. Uda\u0142o nam si\u0119 zrealizowa\u0107 nast\u0119puj\u0105ce zam\u00f3wienia i prawykonania: \u00a0 &#8211; W. Ratusi\u0144ska-Zamuszko&#8230;<\/p>\n","protected":false},"author":1,"featured_media":0,"parent":0,"menu_order":0,"comment_status":"closed","ping_status":"closed","template":"","meta":{"footnotes":""},"class_list":["post-902","page","type-page","status-publish","hentry"],"yoast_head":"<!-- This site is optimized with the Yoast SEO plugin v18.0 - https:\/\/yoast.com\/wordpress\/plugins\/seo\/ -->\n<title>Prawykonania zam\u00f3wie\u0144 kompozytorskich - Fundacja Czas Sztuki<\/title>\n<meta name=\"robots\" content=\"index, follow, max-snippet:-1, max-image-preview:large, max-video-preview:-1\" \/>\n<link rel=\"canonical\" href=\"https:\/\/fundacjaczassztuki.com\/?page_id=902\" \/>\n<meta property=\"og:locale\" content=\"pl_PL\" \/>\n<meta property=\"og:type\" content=\"article\" \/>\n<meta property=\"og:title\" content=\"Prawykonania zam\u00f3wie\u0144 kompozytorskich - Fundacja Czas Sztuki\" \/>\n<meta property=\"og:description\" content=\"Jednym z cel\u00f3w dzia\u0142ania Fundacji jest wspieranie rozwoju polskich kompozytor\u00f3w i kompozytorek. Co roku ubiegamy si\u0119 o \u015brodki na zam\u00f3wienia kompozytorskie &#8211; powstanie nowych kompozycji oraz ich prawykonania. Uda\u0142o nam si\u0119 zrealizowa\u0107 nast\u0119puj\u0105ce zam\u00f3wienia i prawykonania: \u00a0 &#8211; W. Ratusi\u0144ska-Zamuszko...\" \/>\n<meta property=\"og:url\" content=\"https:\/\/fundacjaczassztuki.com\/?page_id=902\" \/>\n<meta property=\"og:site_name\" content=\"Fundacja Czas Sztuki\" \/>\n<meta property=\"article:publisher\" content=\"https:\/\/www.facebook.com\/fundacjaczassztuki\" \/>\n<meta property=\"article:modified_time\" content=\"2022-01-27T16:58:11+00:00\" \/>\n<meta property=\"og:image\" content=\"https:\/\/fundacjaczassztuki.com\/wp-content\/uploads\/2022\/01\/wrz.jpg\" \/>\n<meta name=\"twitter:card\" content=\"summary_large_image\" \/>\n<meta name=\"twitter:label1\" content=\"Szacowany czas czytania\" \/>\n\t<meta name=\"twitter:data1\" content=\"1 minuta\" \/>\n<script type=\"application\/ld+json\" class=\"yoast-schema-graph\">{\"@context\":\"https:\/\/schema.org\",\"@graph\":[{\"@type\":\"WebSite\",\"@id\":\"https:\/\/fundacjaczassztuki.com\/#website\",\"url\":\"https:\/\/fundacjaczassztuki.com\/\",\"name\":\"Fundacja Czas Sztuki\",\"description\":\"Kultura Blisko Ciebie!\",\"potentialAction\":[{\"@type\":\"SearchAction\",\"target\":{\"@type\":\"EntryPoint\",\"urlTemplate\":\"https:\/\/fundacjaczassztuki.com\/?s={search_term_string}\"},\"query-input\":\"required name=search_term_string\"}],\"inLanguage\":\"pl-PL\"},{\"@type\":\"ImageObject\",\"@id\":\"https:\/\/fundacjaczassztuki.com\/?page_id=902#primaryimage\",\"inLanguage\":\"pl-PL\",\"url\":\"https:\/\/fundacjaczassztuki.com\/wp-content\/uploads\/2022\/01\/wrz.jpg\",\"contentUrl\":\"https:\/\/fundacjaczassztuki.com\/wp-content\/uploads\/2022\/01\/wrz.jpg\",\"width\":500,\"height\":500,\"caption\":\"Weronika Ratusi\u0144ska-Zamuszko\"},{\"@type\":\"WebPage\",\"@id\":\"https:\/\/fundacjaczassztuki.com\/?page_id=902#webpage\",\"url\":\"https:\/\/fundacjaczassztuki.com\/?page_id=902\",\"name\":\"Prawykonania zam\u00f3wie\u0144 kompozytorskich - Fundacja Czas Sztuki\",\"isPartOf\":{\"@id\":\"https:\/\/fundacjaczassztuki.com\/#website\"},\"primaryImageOfPage\":{\"@id\":\"https:\/\/fundacjaczassztuki.com\/?page_id=902#primaryimage\"},\"datePublished\":\"2022-01-27T15:45:05+00:00\",\"dateModified\":\"2022-01-27T16:58:11+00:00\",\"breadcrumb\":{\"@id\":\"https:\/\/fundacjaczassztuki.com\/?page_id=902#breadcrumb\"},\"inLanguage\":\"pl-PL\",\"potentialAction\":[{\"@type\":\"ReadAction\",\"target\":[\"https:\/\/fundacjaczassztuki.com\/?page_id=902\"]}]},{\"@type\":\"BreadcrumbList\",\"@id\":\"https:\/\/fundacjaczassztuki.com\/?page_id=902#breadcrumb\",\"itemListElement\":[{\"@type\":\"ListItem\",\"position\":1,\"name\":\"Strona g\u0142\u00f3wna\",\"item\":\"https:\/\/fundacjaczassztuki.com\/\"},{\"@type\":\"ListItem\",\"position\":2,\"name\":\"Prawykonania zam\u00f3wie\u0144 kompozytorskich\"}]}]}<\/script>\n<!-- \/ Yoast SEO plugin. -->","yoast_head_json":{"title":"Prawykonania zam\u00f3wie\u0144 kompozytorskich - Fundacja Czas Sztuki","robots":{"index":"index","follow":"follow","max-snippet":"max-snippet:-1","max-image-preview":"max-image-preview:large","max-video-preview":"max-video-preview:-1"},"canonical":"https:\/\/fundacjaczassztuki.com\/?page_id=902","og_locale":"pl_PL","og_type":"article","og_title":"Prawykonania zam\u00f3wie\u0144 kompozytorskich - Fundacja Czas Sztuki","og_description":"Jednym z cel\u00f3w dzia\u0142ania Fundacji jest wspieranie rozwoju polskich kompozytor\u00f3w i kompozytorek. Co roku ubiegamy si\u0119 o \u015brodki na zam\u00f3wienia kompozytorskie &#8211; powstanie nowych kompozycji oraz ich prawykonania. Uda\u0142o nam si\u0119 zrealizowa\u0107 nast\u0119puj\u0105ce zam\u00f3wienia i prawykonania: \u00a0 &#8211; W. Ratusi\u0144ska-Zamuszko...","og_url":"https:\/\/fundacjaczassztuki.com\/?page_id=902","og_site_name":"Fundacja Czas Sztuki","article_publisher":"https:\/\/www.facebook.com\/fundacjaczassztuki","article_modified_time":"2022-01-27T16:58:11+00:00","og_image":[{"url":"https:\/\/fundacjaczassztuki.com\/wp-content\/uploads\/2022\/01\/wrz.jpg"}],"twitter_card":"summary_large_image","twitter_misc":{"Szacowany czas czytania":"1 minuta"},"schema":{"@context":"https:\/\/schema.org","@graph":[{"@type":"WebSite","@id":"https:\/\/fundacjaczassztuki.com\/#website","url":"https:\/\/fundacjaczassztuki.com\/","name":"Fundacja Czas Sztuki","description":"Kultura Blisko Ciebie!","potentialAction":[{"@type":"SearchAction","target":{"@type":"EntryPoint","urlTemplate":"https:\/\/fundacjaczassztuki.com\/?s={search_term_string}"},"query-input":"required name=search_term_string"}],"inLanguage":"pl-PL"},{"@type":"ImageObject","@id":"https:\/\/fundacjaczassztuki.com\/?page_id=902#primaryimage","inLanguage":"pl-PL","url":"https:\/\/fundacjaczassztuki.com\/wp-content\/uploads\/2022\/01\/wrz.jpg","contentUrl":"https:\/\/fundacjaczassztuki.com\/wp-content\/uploads\/2022\/01\/wrz.jpg","width":500,"height":500,"caption":"Weronika Ratusi\u0144ska-Zamuszko"},{"@type":"WebPage","@id":"https:\/\/fundacjaczassztuki.com\/?page_id=902#webpage","url":"https:\/\/fundacjaczassztuki.com\/?page_id=902","name":"Prawykonania zam\u00f3wie\u0144 kompozytorskich - Fundacja Czas Sztuki","isPartOf":{"@id":"https:\/\/fundacjaczassztuki.com\/#website"},"primaryImageOfPage":{"@id":"https:\/\/fundacjaczassztuki.com\/?page_id=902#primaryimage"},"datePublished":"2022-01-27T15:45:05+00:00","dateModified":"2022-01-27T16:58:11+00:00","breadcrumb":{"@id":"https:\/\/fundacjaczassztuki.com\/?page_id=902#breadcrumb"},"inLanguage":"pl-PL","potentialAction":[{"@type":"ReadAction","target":["https:\/\/fundacjaczassztuki.com\/?page_id=902"]}]},{"@type":"BreadcrumbList","@id":"https:\/\/fundacjaczassztuki.com\/?page_id=902#breadcrumb","itemListElement":[{"@type":"ListItem","position":1,"name":"Strona g\u0142\u00f3wna","item":"https:\/\/fundacjaczassztuki.com\/"},{"@type":"ListItem","position":2,"name":"Prawykonania zam\u00f3wie\u0144 kompozytorskich"}]}]}},"_links":{"self":[{"href":"https:\/\/fundacjaczassztuki.com\/index.php?rest_route=\/wp\/v2\/pages\/902","targetHints":{"allow":["GET"]}}],"collection":[{"href":"https:\/\/fundacjaczassztuki.com\/index.php?rest_route=\/wp\/v2\/pages"}],"about":[{"href":"https:\/\/fundacjaczassztuki.com\/index.php?rest_route=\/wp\/v2\/types\/page"}],"author":[{"embeddable":true,"href":"https:\/\/fundacjaczassztuki.com\/index.php?rest_route=\/wp\/v2\/users\/1"}],"replies":[{"embeddable":true,"href":"https:\/\/fundacjaczassztuki.com\/index.php?rest_route=%2Fwp%2Fv2%2Fcomments&post=902"}],"version-history":[{"count":16,"href":"https:\/\/fundacjaczassztuki.com\/index.php?rest_route=\/wp\/v2\/pages\/902\/revisions"}],"predecessor-version":[{"id":985,"href":"https:\/\/fundacjaczassztuki.com\/index.php?rest_route=\/wp\/v2\/pages\/902\/revisions\/985"}],"wp:attachment":[{"href":"https:\/\/fundacjaczassztuki.com\/index.php?rest_route=%2Fwp%2Fv2%2Fmedia&parent=902"}],"curies":[{"name":"wp","href":"https:\/\/api.w.org\/{rel}","templated":true}]}}